{"id":364,"date":"2023-05-26T11:52:54","date_gmt":"2023-05-26T14:52:54","guid":{"rendered":"http:\/\/leopoldomandic.com.br\/site\/?page_id=364"},"modified":"2023-05-26T12:16:58","modified_gmt":"2023-05-26T15:16:58","slug":"doencas-oncologicas","status":"publish","type":"page","link":"https:\/\/leopoldomandic.com.br\/site\/index.php\/doencas-oncologicas\/","title":{"rendered":"Doen\u00e7as Oncol\u00f3gicas"},"content":{"rendered":"<p>[et_pb_section fb_built=&#8221;1&#8243; fullwidth=&#8221;on&#8221; admin_label=&#8221;Se\u00e7\u00e3o&#8221; _builder_version=&#8221;3.0.47&#8243;][et_pb_fullwidth_slider parallax=&#8221;on&#8221; admin_label=&#8221;Bot\u00e3o Deslizante de Largura Completa&#8221; _builder_version=&#8221;3.0.50&#8243;][et_pb_slide background_image=&#8221;http:\/\/leopoldomandic.com.br\/site\/wp-content\/uploads\/2018\/01\/Siteleopoldo-01.jpg&#8221; _builder_version=&#8221;3.0.50&#8243;][\/et_pb_slide][\/et_pb_fullwidth_slider][\/et_pb_section][et_pb_section fb_built=&#8221;1&#8243; background_color=&#8221;#0b98c6&#8243; custom_padding=&#8221;9px|0px|5px|0px&#8221; admin_label=&#8221;section&#8221; _builder_version=&#8221;3.0.50&#8243;][et_pb_row custom_padding=&#8221;27px|0px|8px|0px&#8221; admin_label=&#8221;row&#8221; _builder_version=&#8221;3.0.47&#8243; background_size=&#8221;initial&#8221; background_position=&#8221;top_left&#8221; background_repeat=&#8221;repeat&#8221;][et_pb_column type=&#8221;4_4&#8243; _builder_version=&#8221;3.0.47&#8243; parallax=&#8221;off&#8221; parallax_method=&#8221;on&#8221;][et_pb_text admin_label=&#8221;Texto&#8221; _builder_version=&#8221;3.0.50&#8243;]<\/p>\n<h3><span style=\"color: #ffffff; font-size: x-large;\">Doen\u00e7as Oncol\u00f3gicas<\/span><\/h3>\n<p>[\/et_pb_text][\/et_pb_column][\/et_pb_row][\/et_pb_section][et_pb_section fb_built=&#8221;1&#8243; custom_padding=&#8221;25px|0px|16px|0px&#8221; admin_label=&#8221;section&#8221; _builder_version=&#8221;3.0.50&#8243;][et_pb_row custom_padding=&#8221;28px|0px|27px|0px&#8221; admin_label=&#8221;row&#8221; _builder_version=&#8221;3.0.50&#8243;][et_pb_column type=&#8221;4_4&#8243; _builder_version=&#8221;3.0.47&#8243; parallax=&#8221;off&#8221; parallax_method=&#8221;on&#8221;][et_pb_text admin_label=&#8221;Texto&#8221; _builder_version=&#8221;3.0.50&#8243;]<\/p>\n<p style=\"text-align: justify;\">Tratamos uma grande variedade de tumores que afetam diretamente o sistema nervoso central e perife\u0301rico das crianc\u0327as ou indiretamente por meio dos envolto\u0301rios (meninges) e cra\u0302nio.<\/p>\n<div class=\"page\" title=\"Page 8\">\n<div class=\"layoutArea\">\n<div class=\"column\">\n<p style=\"text-align: justify;\"><span>Dentre os tumores que afetam diretamente o sistema nervoso, encontramos os tumores da fossa posterior, que frequentemente manifestam-se com sintomas de hidrocefalia. Nesses casos, apo\u0301s resolvermos a hidrocefalia por meio da terceiroventriculostomia, indicamos a abordagem com ressecc\u0327a\u0303o ma\u0301xima segura dos tumores, utilizando a monitorizac\u0327a\u0303o eletrofisiolo\u0301gica intraoperato\u0301ria para minimizar a ocorre\u0302ncia de sequelas neurolo\u0301gicas. <\/span><\/p>\n<p style=\"text-align: justify;\"><span>Para garantir a melhor chance de tratamento e cura, a atividade do neurocirurgia\u0303o pedia\u0301trico deve estar alinhada com a neurooncologia pedia\u0301trica, radiooncologia e patologistas, a fim de otimizar o tempo diagno\u0301stico e oferecer o melhor tratamento complementar quando for indicado. <\/span><\/p>\n<\/div>\n<\/div>\n<\/div>\n<p>[\/et_pb_text][\/et_pb_column][\/et_pb_row][\/et_pb_section]<\/p>\n","protected":false},"excerpt":{"rendered":"<p>Doen\u00e7as Oncol\u00f3gicas Tratamos uma grande variedade de tumores que afetam diretamente o sistema nervoso central e perife\u0301rico das crianc\u0327as ou indiretamente por meio dos envolto\u0301rios (meninges) e cra\u0302nio. Dentre os tumores que afetam diretamente o sistema nervoso, encontramos os tumores da fossa posterior, que frequentemente manifestam-se com sintomas de hidrocefalia. Nesses casos, apo\u0301s resolvermos a [&hellip;]<\/p>\n","protected":false},"author":1,"featured_media":0,"parent":0,"menu_order":0,"comment_status":"closed","ping_status":"closed","template":"","meta":{"_et_pb_use_builder":"on","_et_pb_old_content":"","_et_gb_content_width":"","footnotes":""},"class_list":["post-364","page","type-page","status-publish","hentry"],"_links":{"self":[{"href":"https:\/\/leopoldomandic.com.br\/site\/index.php\/wp-json\/wp\/v2\/pages\/364","targetHints":{"allow":["GET"]}}],"collection":[{"href":"https:\/\/leopoldomandic.com.br\/site\/index.php\/wp-json\/wp\/v2\/pages"}],"about":[{"href":"https:\/\/leopoldomandic.com.br\/site\/index.php\/wp-json\/wp\/v2\/types\/page"}],"author":[{"embeddable":true,"href":"https:\/\/leopoldomandic.com.br\/site\/index.php\/wp-json\/wp\/v2\/users\/1"}],"replies":[{"embeddable":true,"href":"https:\/\/leopoldomandic.com.br\/site\/index.php\/wp-json\/wp\/v2\/comments?post=364"}],"version-history":[{"count":6,"href":"https:\/\/leopoldomandic.com.br\/site\/index.php\/wp-json\/wp\/v2\/pages\/364\/revisions"}],"predecessor-version":[{"id":373,"href":"https:\/\/leopoldomandic.com.br\/site\/index.php\/wp-json\/wp\/v2\/pages\/364\/revisions\/373"}],"wp:attachment":[{"href":"https:\/\/leopoldomandic.com.br\/site\/index.php\/wp-json\/wp\/v2\/media?parent=364"}],"curies":[{"name":"wp","href":"https:\/\/api.w.org\/{rel}","templated":true}]}}